.
-21
What is the value of -34 + (-51 + -9 + 40 - -49)?
-5
What is -55 - (52 - 136) - 102?
-73
Evaluate (-3 - -64) + (11 - (0 - -1)) + 288 + -294.
65
Evaluate 57 + (3 - 18) + -38 + 22.
26
What is the value of 79 + -99 - (-4 + 6 - 6)?
-16
Evaluate -57 + -19 + -8 + (-23 - (-12 + 4)).
-99
Calculate -38 + -1 + 131 + 4 + -132.
-36
What is 30 + 7 + 3 + -5 + (0 - 4)?
31
-14 - (55 + -108 + -3 + 17)
25
Calculate 743 + -778 + -3 + 51.
13
What is the value of -165 - (-75 + -66) - 2?
-26
What is the value of -34 - ((89 - 49) + -20)?
-54
Evaluate (-29 - -21) + -47 + 57.
2
(-29 - 15) + 0 + (-62 - -36)
-70
Evaluate 36 - (27 - 35 - -37).
7
What is the value of (-16 - (-25 + 4 + 1) - 75) + 9?
-62
-1 + -3 - (-32 + (-94 - 9) - (0 - 21))
110
What is the value of 146 - 66 - (97 + -44)?
27
What is 24 - (57 + 18 + -61)?
10
Calculate -37 + 56 - 135 - -83.
-33
What is -3811 + 3792 + (0 - 13)?
-32
What is 1123 + -1127 - (-48 + -1)?
45
Calculate (-5 - (-2 + 54)) + -18 + 29.
-46
Evaluate -1 + -51 - (-87 + 151 + -62).
-54
What is the value of 18 - ((30 - 36) + -30)?
54
Calculate (370 - 380 - (-21 + 0)) + (0 - 31).
-20
7 - (-48 + 45) - 45
-35
What is (-20 - -2 - (-4 - (-10 + 95))) + (-1 - 10)?
60
Calculate -2 + -17 + 33 - (-2 + -13).
29
1 + 7 + 168 + -191 - 35
-50
What is the value of 60 + 23 + (-71 - -1)?
13
-46 + (4 - -6) - -8
-28
Evaluate 177 - (-44 - 84 - -206).
99
Evaluate -13 + 1 + (-147 - (-59 - 83)).
-17
Evaluate 87 - (70 + -107 - -73).
51
Calculate 17 + -3 + 32 + -5.
41
What is the value of (35 - 27 - (16 - 6 - -4)) + 58?
52
(-51 + 16 - -13) + 20
-2
What is (-18 + 25 + (0 - 16) - -14) + 24 + -4?
25
-1 - -41 - (727 + -682) - (1 - 86)
80
95 + -47 + -3 - -29
74
What is 15 + 29 + -25 + 17 + -46?
-10
Evaluate 5 + (-2 - (-4 + 4)) + (-29 + 1 - -29).
4
What is the value of -876 + 837 - (-109 + -3)?
73
(-4 - -68 - 8) + 14 + (4 - (25 + -9))
58
What is (0 - 2 - (-74 - -62)) + (-1 - -1)?
10
Calculate -6 + -38 - (0 - -1 - (171 - 159)) - -14.
-19
Calculate (-5 - -10) + (4 - 8 - 69) + 2 + 5.
-61
-6 + (-53 - (-2 + -17) - -21)
-19
148 - (-30 - (-39 + 8 + -39))
108
Calculate -18 + 21 + -45 + 23 + -78 + 4.
-93
What is 114 + (61 - 73 - 67)?
35
Evaluate (-42 + -23 - -24) + (-2 - -12 - 1) - -1.
-31
26 + 31 - 48 - ((-27 - -3) + 6)
27
What is (2 - -2 - (51 - 39)) + 11 + -4?
-1
Calculate 1 + -1 + 16 + -10 - (17 - 13).
2
Calculate -5 + 59 + -31 + -5 - 76.
-58
What is 4 - (24 - -28) - (-1 - -1 - 6)?
-42
Calculate -84 + 132 - (-12 - 1).
61
11 + -3 + 21 + -15 + -24
-10
-80 + (15 - (-10 - -20)) + -15 + 14 + -15
-91
What is -4 + (-3 + (13 - 5) - (-1 + -15))?
17
Calculate -6 + -1 - ((0 + 4 - 33) + -105 + 103).
24
Calculate 73 + (-13 - 23) - -13.
50
Evaluate 122 + 16 + 28 + -164.
2
What is 34 - (17 - (-52 + 23))?
-12
What is the value of -5 + (4 - (1 - -1)) - (15 + -2)?
-16
What is 50 + 23 - (2 - (2 + -6 + 1))?
68
Evaluate 34 + -37 + (-5 - -4 - 1) - -33.
28
Evaluate (1 + -14 - (-18 + (14 - 4))) + (-40 - -2).
-43
What is the value of (119 - 109) + (6 + 8 - 96)?
-72
Calculate 26 - (-7 + (6 - -13 - (0 + -3) - 6)).
17
What is (-21 - 1) + -17 + 11 + -10 + 12?
-26
What is (1 - -3) + (-16 - (128 - 111))?
-29
Calculate 0 - (34 - (-18 + 52 + -18)).
-18
What is the value of -24 + -7 + (-27 - -93)?
35
Calculate (-9 - -7 - (-11 - (-21 - -1))) + -138.
-149
Calculate 22 + 1 + (-80 + 50 - 46).
-53
What is the value of -15 - (30 + -15 + 26 + 8)?
-64
Evaluate -55 - ((-51 - -30) + -54).
20
Calculate 3 - ((-79 - -85) + -7 + 61 + 1).
-58
29 + -23 + (14 - (-1 - -6 - -4))
11
Calculate 6 + 9 + 11 + (5 - 11).
20
Calculate (34 - -6) + -88 - -9.
-39
Calculate 15 - (-1 + 3) - (16 - (-47 - -62)).
12
-18 - 1 - (40 - 29 - -23 - 192)
139
What is the value of (14 - 25 - -38 - (4 + 1)) + 0 + -9?
13
37 - 2 - -1 - (13 + 2 + -1)
22
What is the value of 48 + (6 - (26 - 0)) + -15?
13
What is 73 - 85 - ((-9 - -11) + 15)?
-29
What is the value of -71 + 94 + -11 - (-44 - 1)?
57
-37 + (-72 + 44 - -41)
-24
27 + 1 + -12 + (-13 - -10) + 0
13
What is the value of 3 + (-11 + -12 - (9 + (-18 - -11)))?
-22
Calculate (-6 + -1 + -87 - -13) + 13 + 3.
-65
What is (7 + 2 - -99) + (5 - 16 - -9) + 5?
111
Calculate 162 + (-44 - (117 - 91)).
92
What is the value of (-244 - -249) + -1 + 11 - (130 - 0)?
-115
What is the value of 2 + -4 + -28 - (-358 + 87 + 262)?
-21
What is -9 + (-2 + -6 - -5) - (-21 - 26)?
35
Evaluate 53 + -86 + 15 + 28.
10
What is -37 + 4 + (2 + (-5 - -3) - -1) - 1?
-33
Evaluate -5 + -2 + 3 + 13 + (-45 - -5) + 6.
-25
What is 20 - (0 + 1 + -13 + 8)?
24
What is 18 + -24 + 8 + (-14 - (-13 - -8)) + -110?
-117
What is -43 + (-2 - 21) + 114?
48
What is the value of -1 + -5 + -9 + (50 - (14 - 6 - 15))?
42
What is 15 + (-10 - ((1 - 7) + -12))?
23
Evaluate (0 + 8 - (-41 - (44 - 74))) + 8.
27
What is the value of 20 - (2 + 24 + -15) - (-4 - -1)?
12
-8 - 5 - (-257 - -247)
-3
Evaluate -5 + 18 + (-11 - -12) + (0 - -42).
56
Evaluate 11 - (18 + 0) - (-30 + 12 + -4).
15
Calculate 4 + -14 + 4 - ((13 + -81 - 3) + -27).
92
What is the value of (10 + -28 - (-10 + -29 + 9)) + -2?
10
What is -4 - (0 + 1 - (14 - 0))?
9
(4 + 17 - 49) + 0 - 13
-41
Evaluate 53 - (50 + -34 + 1).
36
Evaluate 18 + -2 + 9 + 51 + 2 + 0.
78
Evaluate 2 - -65 - (-2861 + 2909).
19
8 - (-408 + 354 + 10 + -4 + -4)
60
Evaluate (-149 - -75) + -74 + 88.
-60
(-12 + (-21 - -10) - -28) + -105
-100
Calculate (13 - (-23 - (-58 - -29))) + (42 - 0) + -1.
48
Evaluate 1 + 3 + 959 + -965.
-2
Evaluate 68 + (-1 - 4) + 12 + (-7 - (16 + -19)).
71
What is the value of (-9 - 9 - -26) + (-26 - (9 - 3) - 1)?
-25
What is -114 - ((-62 - 3) + -1)?
-48
What is -57 + -20 - (-23 - -38 - -3)?
-95
Evaluate 0 + 0 + 61 + -81 + 28 + 0.
8
Calculate 86 - (25 + (106 - 41)).
-4
What is the value of -196 - -11 - -183 - (-1 - (0 - 1))?
-2
What is the value of 16 - (-9 - (-127 - (-4 - -10) - (-9 - -18)))?
-117
Calculate 189 + -117 - 38 - (-1 + -15).
50
What is 8 + 11 + (22 - 19) + (-2 - -6)?
26
Evaluate 6 + (138 - 133) + (-1 - (4 + -5 - 2)).
13
40 + -1 - (-59 - (-121 - -37))
14
79 + -87 - (-18 + 11 + -17 + 8)
8
(-10 + (1 - -22) + 48 - (16 + 0)) + -13
32
Evaluate -218 + 173 + (1 - -43).
-1
Calculate (-150 + 268 - 143) + (0 - 2) + -2.
-29
What is the value of 82 - 22 - 48 - 16?
-4
-31 + (37 - -6) + -7 + 7 + -48
-36
Calculate -6 + 3 + -5 + 0 - (27 - -21 - 17).
-39
Calculate -103 + 81 - (-51 + 4 - 5).
30
What is the value of -69 + -109 + 216 + -4?
34
What is the value of -1 - ((-1 - -16) + -23 - (9 - -2))?
18
What is the value of (-1 - -34) + (131 - 149) + 40?
55
What is -2277 + 2303 - (0 - 7)?
33
Evaluate -86 - -48 - -45 - 11.
-4
34 + (-57 - (40 + -21))
-42
23 - (7 - (-7 + 8) - 3 - (89 + -93))
16
What is the value of -44 + -15 - -84 - 3?
22
What is the value of -16 + (66 - 31 - (-12 + 15 + -15))?
31
What is ((5 - 2) + -4 - -29) + -27 + 35 + -10?
26
What is -7 - (13 + 19 + 16)?
-55
-78 + -2 - (744 + -773) - -31
-20
185 - 45 - (161 - 94)
73
4 - (4 - (-1 - (14 + 6 + -55)))
34
-132 - -171 - (5 + 19 - 5)
20
Evaluate -30 + (11 - 14) - -31 - (-1 - 44 - 2).
45
Evaluate 33 - 4 - (4 + 0 + 13 + -6 + -3).
21
Calculate 18 + (52 - 89) + -4 + 3.
-20
What is the value of 2 + -40 + (-8 - -12 - -11)?
-23
Calculate 153 + 12 + -242 + 8 + -1 + 0.
-70
Evaluate (-16 - 27) + (-219 - -209).
-53
What is the value of (-50 - -49) + (32 - 6)?
25
(-15 - ((27 - 38) + 10)) + 18
4
Evaluate -3 + 0 + -6 + (16 + -15 - (-1 + -3)).
-4
What is the value of 7 + -6 + -61 - ((6 - (3 - 16)) + -13)?
-66
Evaluate 18 + (-66 - -46) - (-36 + (-3 + 1 - -3)).
33
What is the value of 103 - (-47 - -24) - (50 + -36)?
112
What is the value of -44 + -5 + -5 - -1 - (-21 + (-10 - -26))?
-48
What is the value of -2 + 1 + 9 - (-16 - (-42 - -1))?
-17
Calculate 10 - 39 - (-93 - 12).
76
What is the value of -1944 + 1902 + (-1 - -34)?
-9
Evaluate 52 + 15 + -68 + 0 + -3.
-4
Calculate 50 - (-15 - -94 - -9).
-38
Evaluate -37 + (17 - 20) - -47.
7
What is 15 - (25 + -3) - (0 - -23)?
-30
Calculate 46 + -13 + 1 + -374 + 297.
-43
Calculate 30 + -378 + 434 + -18 + 4.
72
Evaluate -163 - -166 - (-38 - -7).
34
What is the value of (37 - (67 - 28)) + -10 - 16?
-28
-11168 + 11283 + -79 + 1
37
Calculate (-6 - (12 + 6 - 18)) + -7.
-13
What is the value of -62 + (9 - (64 + -126))?
9
(33 - (29 - 61)) + -11 - (11 - 1)
44
Calculate -21 - ((45 + -61 - -64) + 47).
-116
Evaluate -52 + (-85 - (-143 + 69)).
-63
